 6. Let w(j) = -9*l(j) - 4*p(j). Suppose 5 = u - 0. What is w(u)?
13
Let l(i) be the first derivative of i**4/4 + i**3 - 2*i**2 - 4*i + 6. Give l(-4).
-4
Let a be 2/8 - (-18)/(-8). Let l be ((-3)/9)/(a/12). Let m(w) be the first derivative of -2*w**2 + 2*w - 1. What is m(l)?
-6
Suppose 3*c - 10 = 2. Let u be (-6)/c - 42/(-12). Let w(y) = -5*y**2 - 1 + y**3 + 3*y - 6*y + u*y. Determine w(5).
-6
Let v(q) = -4*q + 6*q - q. Let g(f) = 2*f + 1. Let l(d) = -g(d) + 4*v(d). Calculate l(-1).
-3
Let r(v) be the second derivative of v**4/6 + v**3/2 - 3*v**2/2 - 48*v. Give r(-3).
6
Let g(v) = -v**2 - 4*v. Suppose -t + 4*b - 2 = 0, -3*b - 10 = 5*t + 2*b. What is g(t)?
4
Let r be (1/((-2)/20))/(-2). Let g(o) be the first derivative of o**4/4 - 5*o**3/3 - o**2/2 + 6*o - 11. Calculate g(r).
1
Let u(v) = 4*v**3 - v**2 + v - 1. Suppose 0 = -2*k - 5*c - 18, -k + 9 + 0 = -2*c. What is u(k)?
3
Suppose -l = l. Suppose 5*d - 5 = h, d + 4*h - 22 = -l*d. Let a(m) = -3*m**d - 3*m**3 - m**2 + m**3 + 1 - 2*m. Give a(-2).
5
Let d(m) = 0 - 6 - 2*m + 4 + m**2. Calculate d(4).
6
Let l(d) = -3 + 0*d + 2*d - 4*d - d. Determine l(-2).
3
Let p(r) = 2*r**2 + 3*r + 2. Suppose v = 5*q + 6, -3*q + 6*q = 2*v - 5. Let o be p(q). Let i(n) be the second derivative of -n**3/6 - n**2/2 - n. Give i(o).
-2
Let q(r) = -4*r**3 + 4*r**2 - 10*r + 5. Let m(l) = -l**3 - l**2 - l + 1. Let u(c) = -3*m(c) + q(c). Let z(y) = y + 11. Let g be z(-5). Give u(g).
-4
Let d(q) = -4*q**2 - 8*q - 7. Let z(u) = u**2 + u + 1. Let f(w) = d(w) + 3*z(w). Give f(-3).
2
Let t(a) = 2*a - 6. Suppose 0*q - 2*q = -10. Let h(y) = y - 1. Let j be h(q). What is t(j)?
2
Let k be (132/(-55))/(2/(-5)). Let i(r) = r**3 - 5*r**2 - 6*r + 1. Determine i(k).
1
Suppose -4*z + q = -9, 3*z - z = -5*q - 1. Let m be -9 + (1 + z - 0). Let g(a) be the second derivative of -a**4/12 - 5*a**3/6 + 4*a**2 - a. Calculate g(m).
2
Let k(u) = 28 - 13*u**2 - 28. Suppose -5*z - 6 = -1. Calculate k(z).
-13
Suppose 5*b + 2 - 12 = 0. Suppose 4 = -3*s - m, -b*m + 3 = 11. Let h(i) be the first derivative of i**3/3 + i**2/2 + 8*i + 6. Determine h(s).
8
Let s(l) be the second derivative of l**4/12 + 7*l**3/6 + 3*l**2 + 20*l. Give s(-4).
-6
Let c(j) = 3*j + 1. Let k be c(-2). Let t(r) = 5*r - 1. Let m(d) = 4*d - 1. Let u(w) = k*t(w) + 6*m(w). Calculate u(2).
-3
Let j(t) = 6*t + 12. Let l(b) = -b - 1. Let i(m) = -j(m) - 5*l(m). What is i(-7)?
0
Suppose -4*b + 4*s - 19 = b, 3*s = 3. Let a(n) = -n**2 - 6*n - 4. What is a(b)?
5
Let o(j) = -5*j + 7. Let l(n) = -2*n + 4. Let t(h) = 5*l(h) - 3*o(h). Let y(r) = -r**2 + 11*r - 32. Let v be y(6). What is t(v)?
-11
Let a be (-5 + -4 + 1)*-1. Let c(o) = 9 + 2*o - o - a - o**2. Determine c(3).
-5
Let n = -8 + 6. Let a be (-2 - 0)/n - 0. Let g(m) be the first derivative of -4*m**3/3 + m**2/2 + 2. What is g(a)?
-3
Let r(q) = 7*q - 1. Suppose 8 = -2*i + 4*i. Suppose 2*v + 2*v + i = 0. Give r(v).
-8
Let l(m) = m - 6. Let k be l(7). Let r = k + 2. Let g(c) = 4*c + 3. Let s(t) = 5*t + 4. Let p(v) = r*s(v) - 4*g(v). Calculate p(4).
-4
Let r(g) = 3*g + 1. Let o(m) = -8*m - 4. Let k(i) = -2*o(i) - 7*r(i). Give k(-3).
16
Let o(n) be the second derivative of -n**4/12 - n**3 + n**2/2 - 2*n. Let k(q) = -8*q + 17. Let i be k(3). What is o(i)?
-6
Let q(c) be the first derivative of -2*c**3/3 + c**2/2 - 2. What is q(-1)?
-3
Let g(p) = p - 1. Suppose -c + 2*d - 3*d = -4, 3*c - 5*d - 20 = 0. Let n = c - 3. Calculate g(n).
1
Suppose 0 = -2*r + 4, -10 - 4 = -3*k + 5*r. Let d(b) = -b**2 + 8*b - 9. Determine d(k).
-9
Let m(a) = -a**2 + a - 1. Let w(h) = h**3 + h**2 - 3*h + 3. Let r be w(2). Suppose -x - 2*x = -r. Suppose -x*u + 4 = 1. Determine m(u).
-1
Let w(m) = -2*m**2 + 13*m + 25. Let c be w(8). Let i(b) = b - 1. What is i(c)?
0
Suppose 0 = 3*x - 1 - 2. Let f(p) = -7*p + 1. What is f(x)?
-6
Let w(f) = -3 - 2*f - f**2 + 9*f + 4 - 2. What is w(5)?
9
Let y(p) = p**2 - p - 5. Let n = -9 - -10. Let g = n + 3. What is y(g)?
7
Let g be ((-4)/6)/(3/(-9)). Let k(i) = i**3 - i**2 - i. Let b be k(g). Let n(x) be the first derivative of x**2/2 + x + 11. Determine n(b).
3
Let x(n) be the first derivative of -n**2/2 - n + 2. Let m(l) = -l - 2. Let y(f) = -5*m(f) + 7*x(f). Determine y(-4).
11
Suppose -4*t + 16 = -8. Let c(h) = h + t*h**2 - 2*h**3 + 1 + 0 + h - 5*h**2. Determine c(2).
-7
Let y(h) be the third derivative of -h**6/72 - h**4/24 - 3*h**2. Let d(r) be the second derivative of y(r). Give d(-1).
10
Let g(c) = -10*c**2 + 9*c + 2*c**3 - c**3 + 0 + 3 - 1. Determine g(9).
2
Suppose -4*o + 28 = 4*y, 0 = -3*y + 6*o - 3*o + 9. Suppose -4*x - 19 = -3, i + 17 = -y*x. Let g(h) be the first derivative of -3*h**2/2 + h + 3. Give g(i).
-8
Let x(o) be the first derivative of o**2/2 + 8*o + 4. Let y be x(-7). Let c(r) = 4*r**3 + r - 1. Determine c(y).
4
Suppose -3*f - 2 = -8. Let g(s) = -s**3 + 4*s**2 - 2*s - 1. Give g(f).
3
Let x(l) = -3*l**2 - 3*l. Let u(o) be the second derivative of -4*o**2 - 1/6*o**3 + 2*o + 0. Let k be u(-6). Determine x(k).
-6
Let r(w) be the first derivative of w**4/4 + w**3 - 2*w**2 + 4*w - 6. Suppose d - 4*n = 4*d + 11, 17 = -d - 4*n. Suppose -2*i = d*i + 20. Determine r(i).
4
Let g(p) = 6*p - 48 + 100 - 16*p - 53. What is g(-1)?
9
Let g(w) = w**2 + 4*w + 7. Let f(c) = -32 - 26 + 38 - 11*c - 2*c**2. Let v(d) = 3*f(d) + 8*g(d). Give v(3).
11
Let h be -1*3/(12/16). Let k(r) = 5*r**3 + 8*r**2 - 6*r - 6. Let s(d) = -d**3 - d**2 + d + 1. Let q(y) = h*s(y) - k(y). What is q(-4)?
-6
Let g(n) = -n. Let o(f) = f + 8. Let x(p) = -2*p - 9. Let i(q) = 4*o(q) + 3*x(q). Let d(u) = -3*g(u) + i(u). What is d(-5)?
0
Let v(k) = k - 2. Suppose 0 = 2*p + 2, -6*s - 1 = -2*s + p. Suppose 7*m - 2*m = s. What is v(m)?
-2
Suppose -i + 4*h = 6, 9 + 5 = 4*i + 3*h. Suppose 0 = 2*u + 4*z + 10, z = 5*u - i*z - 27. Let k(x) = x**3 - u*x + 2*x + 0*x**3 + x**2. What is k(-2)?
-2
Suppose 2*g = g + 6. Suppose g*x - x = 0. Let n = -1 - x. Let m(l) = 2*l - 1. Determine m(n).
-3
Let u(q) = q + 0*q - 3*q - 7. What is u(-6)?
5
Let o(l) = -l + 0 - 1 - 3 - 3. Calculate o(-3).
-4
Let b(m) = m**2 + 7*m + 7. Suppose -t - 2 = 4. What is b(t)?
1
Let o be ((-1 - (0 - -3)) + 3)*-3. Let p(g) = g**2 - 2*g - 3. Determine p(o).
0
Suppose -5*o - 2 = -12. Let u = -107 + 109. Let t = u - o. Let w(f) = f**3 + f + 1. Calculate w(t).
1
Let d(a) = -a**2 - 1. Let f(q) = 3*q**2 - 6*q + 8. Let y(b) = -3*b**2 + 6*b - 7. Let z(w) = -2*f(w) - 3*y(w). Let v(o) = 4*d(o) + z(o). Determine v(-5).
6
Let k(r) be the second derivative of -r**5/20 - r**4/4 + r**3 + 3*r**2 + r. Let c(x) = -x - 6. Let n be c(-8). Suppose 0 = -f - 2 - n. Give k(f).
-2
Let n = 49 + -54. Let q(d) = d**3 + 4*d**2 - 2*d - 6. Give q(n).
-21
Let x(b) = 3*b - 3*b - b + 1. Let k = 7 + -8. Let h = -2 - k. Determine x(h).
2
Let d = 3 + 1. Let b(h) = h**3 - 5*h**2 + 2*h + 1. Determine b(d).
-7
Let k be (-12)/(-18)*(-3 - 0). Let c(o) = 5*o**2 + 2*o - 1. Give c(k).
15
Let z(i) = 4 + 6 - i - 11. Determine z(4).
-5
Let l(c) = -16*c**2 - c - 2. Let a(k) = 65*k**2 + 4*k + 9. Let x(t) = 2*a(t) + 9*l(t). What is x(-1)?
-13
Let g(v) = v**2 - v - 3. Let d be (-5)/((-15)/2)*-3. Let m be -1 - 1/d*2. Let r(k) = k + 3. Let u be r(m). Calculate g(u).
3
Let d be (-6)/(-18) - 2/(-3). Let w(u) = 31*u**3 + 2*u**2 - 2*u + 13. Let m(f) = 15*f**3 + f**2 - f + 6. Let l(b) = 13*m(b) - 6*w(b). Calculate l(d).
9
Let h(b) = 2*b - 5. Suppose -4*n + 24 = -2*p - p, 0 = -3*n - p + 18. Calculate h(n).
7
Let i = -1 - -9. Let s = i - 3. Let d(u) = u**3 - 6*u**2 + 6*u + 4. Give d(s).
9
Let l(o) = o**2 - 3*o - 6. Let v(q) = q**2 - 4*q - 7. Let x(d) = -4*l(d) + 3*v(d). What is x(-3)?
-6
Let o be 2/(-11) - (-210)/(-55). Let c(f) = 0*f - 5 + 4 + f. Determine c(o).
-5
Let o(v) = -4*v**2 - 3*v - 3. Suppose 0 = 5*s + 3*k + 4, 5*k = -3*s + 6 - 2. Determine o(s).
-13
Suppose -2 = -2*d + d. Let v be (-24)/9*(-3)/d. Let i(u) be the third derivative of -u**6/120 + u**5/20 + u**4/4 - 2*u**3/3 + 4*u**2. Give i(v).
4
Let r be (-21)/42*1/(-1). Let w(d) be the first derivative of 1/3*d**3 + r*d**2 - 2*d - 4. Determine w(3).
10
Let w(x) be the second derivative of -x**4/12 - 2*x**3/3 + 4*x**2 + 6*x. Suppose -2*g + 2*f = 8, -g + 4*f + 38 = -6*g. Give w(g).
-4
Let t(n) be the first derivative of n**4/4 + 4*n**3/3 + n**2 + 5*n - 1. Let y be t(-4). Let q be (-16)/y + 6/9. Let a(m) = 